{"id":1897,"date":"2023-08-02T16:05:39","date_gmt":"2023-08-02T14:05:39","guid":{"rendered":"https:\/\/bts.rekord.com.pl\/sklep\/?post_type=product&#038;p=1897"},"modified":"2025-09-03T12:50:35","modified_gmt":"2025-09-03T10:50:35","slug":"torebka-2","status":"publish","type":"product","link":"https:\/\/bts.rekord.com.pl\/sklep\/produkt\/torebka-2\/","title":{"rendered":"Frotka"},"content":{"rendered":"<p>Nie pozw\u00f3l, by sp\u0142ywaj\u0105ce krople potu przeszkodzi\u0142y Ci w grze &#8211; pomo\u017ce Ci w tym oryginalna frotka do jego ocierania z logotypem naszego klubu.Frotka ta zosta\u0142a wykonana w 85% z bawe\u0142ny, kt\u00f3ra bardzo dobrze poch\u0142ania pot, dzi\u0119ki czemu idealnie sprawdzi si\u0119 ona podczas intensywnych trening\u00f3w.<\/p>\n","protected":false},"excerpt":{"rendered":"<p>Frotka na r\u0119k\u0119.<\/p>\n","protected":false},"featured_media":2948,"template":"","meta":{"_kadence_starter_templates_imported_post":false,"_kad_post_transparent":"default","_kad_post_title":"","_kad_post_layout":"default","_kad_post_sidebar_id":"","_kad_post_content_style":"default","_kad_post_vertical_padding":"default","_kad_post_feature":"","_kad_post_feature_position":"","_kad_post_header":false,"_kad_post_footer":false},"product_brand":[],"product_cat":[62],"product_tag":[],"class_list":{"0":"post-1897","1":"product","2":"type-product","3":"status-publish","4":"has-post-thumbnail","6":"product_cat-gad","8":"first","9":"instock","10":"taxable","11":"shipping-taxable","12":"purchasable","13":"product-type-simple","14":"entry","15":"content-bg","16":"loop-entry"},"_links":{"self":[{"href":"https:\/\/bts.rekord.com.pl\/sklep\/wp-json\/wp\/v2\/product\/1897","targetHints":{"allow":["GET"]}}],"collection":[{"href":"https:\/\/bts.rekord.com.pl\/sklep\/wp-json\/wp\/v2\/product"}],"about":[{"href":"https:\/\/bts.rekord.com.pl\/sklep\/wp-json\/wp\/v2\/types\/product"}],"wp:featuredmedia":[{"embeddable":true,"href":"https:\/\/bts.rekord.com.pl\/sklep\/wp-json\/wp\/v2\/media\/2948"}],"wp:attachment":[{"href":"https:\/\/bts.rekord.com.pl\/sklep\/wp-json\/wp\/v2\/media?parent=1897"}],"wp:term":[{"taxonomy":"product_brand","embeddable":true,"href":"https:\/\/bts.rekord.com.pl\/sklep\/wp-json\/wp\/v2\/product_brand?post=1897"},{"taxonomy":"product_cat","embeddable":true,"href":"https:\/\/bts.rekord.com.pl\/sklep\/wp-json\/wp\/v2\/product_cat?post=1897"},{"taxonomy":"product_tag","embeddable":true,"href":"https:\/\/bts.rekord.com.pl\/sklep\/wp-json\/wp\/v2\/product_tag?post=1897"}],"curies":[{"name":"wp","href":"https:\/\/api.w.org\/{rel}","templated":true}]}}